 base 11, what is -333a6a + -47?
-334006
In base 8, what is 0 + 2260200?
2260200
In base 10, what is -136198 + 338?
-135860
In base 8, what is 34154245 - 0?
34154245
In base 6, what is 5 - 204052135?
-204052130
In base 16, what is 4a + -65756?
-6570c
In base 5, what is -4000034 - 11413?
-4012002
In base 13, what is 97 - b3b5?
-b31b
In base 14, what is 5 + -1a4664c?
-1a46647
In base 14, what is 13a1 - 9d0?
7b1
In base 16, what is 42de + -42f?
3eaf
In base 7, what is -20 + 2156362132?
2156362112
In base 3, what is -10002 + -11200021202?
-11200101211
In base 12, what is 0 - -593a120?
593a120
In base 7, what is -265530 + -2156?
-301016
In base 7, what is -2411123 + -1035?
-2412161
In base 6, what is -153130 + -12313?
-205443
In base 8, what is 43004 - 175?
42607
In base 8, what is 61527362 + -2?
61527360
In base 11, what is 92 + 145128?
14520a
In base 11, what is -34a97436 - 3?
-34a97439
In base 14, what is -24317344 - 2?
-24317346
In base 2, what is -11011000 - -11001000000001000?
11000111100110000
In base 10, what is -56052 - -6?
-56046
In base 11, what is -2 + 2719685?
2719683
In base 4, what is -1222132112232 + -13?
-1222132112311
In base 16, what is 63e8f84 - 1?
63e8f83
In base 8, what is -1776 - 11247?
-13245
In base 9, what is -112 - -245860?
245747
In base 9, what is 78616 - 265?
78341
In base 15, what is -2125 - 425?
-254a
In base 8, what is -1005675 + -46?
-1005743
In base 3, what is 2112002201202 + 22?
2112002202001
In base 4, what is 10211233022 + -12?
10211233010
In base 3, what is 11121222211 - 1102111?
11120120100
In base 10, what is 56453 + 1014?
57467
In base 15, what is -5 + -145700e?
-1457014
In base 7, what is 110 - 34136044?
-34135634
In base 12, what is -6aa396 - -126?
-6aa270
In base 5, what is 41324403041 + 3?
41324403044
In base 10, what is -11722 + -4906?
-16628
In base 16, what is -ad - 47eef8?
-47efa5
In base 11, what is -5 + a777207?
a777202
In base 12, what is -20bb96 + -805?
-21079b
In base 9, what is 5483 - 48681?
-43187
In base 5, what is 33131 - -134310?
222441
In base 3, what is -21012 + -1201222102011?
-1201222200100
In base 16, what is b + -106b5c?
-106b51
In base 9, what is -3757625 - -12?
-3757613
In base 7, what is -44624 + -2661?
-50615
In base 12, what is -2810 - -58643?
55a33
In base 11, what is 1010a3 - 103?
100aa0
In base 8, what is 1714 - -364723?
366637
In base 7, what is 2223214 + -101?
2223113
In base 4, what is -1232101210 + 310?
-1232100300
In base 8, what is -1172342352 - 3?
-1172342355
In base 3, what is -2101200 - -1011001?
-1020122
In base 15, what is -bc50 + -ac?
-bd0c
In base 13, what is -16 - a620b?
-a6224
In base 15, what is 1084 - 10ca?
-46
In base 16, what is -1c6 - 231d8?
-2339e
In base 2, what is 1111110110 - 100100110011000?
-100010110100010
In base 6, what is 3511 - -452230?
500141
In base 9, what is -1578 - 104611?
-106300
In base 5, what is 44 - -411011323?
411011422
In base 6, what is -40 + -5055053?
-5055133
In base 11, what is a5821a23 - 2?
a5821a21
In base 3, what is -1102 + 21102102000021?
21102101221212
In base 8, what is -50412712 - 20?
-50412732
In base 10, what is -4 - -32559407?
32559403
In base 15, what is -5 + -56d893?
-56d898
In base 12, what is -16 + -30bbb5?
-31000b
In base 11, what is -24a516 + -18?
-24a533
In base 12, what is 370 - -25559?
25909
In base 14, what is 4496db4 - -a?
4496dc0
In base 12, what is 66 - -208119?
208183
In base 4, what is -203 + -33300103130?
-33300103333
In base 14, what is -4 - a82aa3?
-a82aa7
In base 2, what is 11010100111000100010011000 + -1011?
11010100111000100010001101
In base 10, what is 4153 + -1553?
2600
In base 9, what is 4617 - -841?
5558
In base 16, what is -e5420 - 8?
-e5428
In base 16, what is 24f0 - ec?
2404
In base 2, what is 1010011 - 10101100101101?
-10101011011010
In base 10, what is -29746 + -3624?
-33370
In base 8, what is -52021317 + 4?
-52021313
In base 11, what is 43 + -194097?
-194054
In base 3, what is 110112221 - -111121?
111001112
In base 8, what is -2 + 2761553?
2761551
In base 11, what is 134 + 87278?
87401
In base 10, what is 24 + 6258460?
6258484
In base 11, what is 2 + 465a520?
465a522
In base 8, what is -5 + 550241311?
550241304
In base 4, what is 120101100132 + 31?
120101100223
In base 15, what is d + 1b2bb1?
1b2bbe
In base 7, what is -10140343 - 351?
-10141024
In base 2, what is 10101011101 - 1011101100000?
-1001000000011
In base 12, what is 40498b9 + 1?
40498ba
In base 6, what is 21 - -1115445132?
1115445153
In base 15, what is 3e65066 + 6?
3e6506c
In base 10, what is -477 - 6592?
-7069
In base 11, what is 4955a + -70?
4949a
In base 15, what is e336a7 + -9?
e3369d
In base 12, what is -3a9 + -11b0?
-1599
In base 9, what is 107 + 232717?
232825
In base 14, what is -23c40 + a38?
-23206
In base 7, what is -32232 - 304511?
-340043
In base 8, what is 6003 + -712147?
-704144
In base 3, what is 2010220222 - -10000001?
2020221000
In base 15, what is -240 + e5d2?
e392
In base 10, what is 5 + 2698515?
2698520
In base 7, what is -2 + 230642410?
230642405
In base 7, what is 15004555 - -26?
15004614
In base 11, what is -12530 + -107?
-12637
In base 9, what is 244486762 - -4?
244486766
In base 9, what is -123648 - -3314?
-120334
In base 16, what is d775 - -72?
d7e7
In base 16, what is 7f0f8 + -31d?
7eddb
In base 6, what is 4353033 + -55?
4352534
In base 2, what is 101100 - 1010101010101100111?
-1010101010100111011
In base 16, what is 2 - -4e6fd7?
4e6fd9
In base 9, what is -52 - -153303?
153241
In base 11, what is -322a3 + 97?
-32207
In base 8, what is 7622 + -472675?
-463053
In base 14, what is -73b9d93 - 2?
-73b9d95
In base 9, what is 685 + -14156?
-13361
In base 11, what is 160a5 + 133?
16228
In base 2, what is 1010101001000111100000101 + 101?
1010101001000111100001010
In base 3, what is -1201011 + -221202201?
-1000110212
In base 11, what is a13572a + -4?
a135726
In base 4, what is 111 - -121333201011?
121333201122
In base 12, what is 3 + 115275b0?
115275b3
In base 11, what is 1938389 + a8?
1938486
In base 13, what is 79006c - 2?
79006a
In base 6, what is -22331 + -53451?
-120222
In base 13, what is -311b83b6 + -2?
-311b83b8
In base 6, what is -5434023 + 3315?
-5430304
In base 5, what is -102414331 + -104?
-102414440
In base 15, what is caa - -17bd0?
1898a
In base 14, what is -6301adc7 + -3?
-6301adca
In base 8, what is 57511 + 10247?
67760
In base 14, what is 74 - -1184c?
118c2
In base 8, what is 315106 - -31?
315137
In base 11, what is -3463470 - 9?
-3463479
In base 5, what is 33 - 304344040?
-304344002
In base 12, what is 2b - -262795?
262804
In base 9, what is -62507422 - -5?
-62507416
In base 13, what is 39 - 2ca16a6?
-2ca166a
In base 11, what is -252a955 - 11?
-252a966
In base 14, what is 1 - 1dd61?
-1dd60
In base 10, what is -25456 - -1334?
-24122
In base 14, what is -7 + -5351446?
-535144d
In base 16, what is 94 + -1537a?
-152e6
In base 8, what is -117 + 64500?
64361
In base 3, what is 21 + -11112022200022?
-11112022200001
In base 3, what is 2 + -221002112200110?
-221002112200101
In base 8, what is 30755574 + -2?
30755572
In base 9, what is -1843 - 74513?
-76456
In base 16, what is 2bb - -ac61?
af1c
In base 10, what is -29089506 - 0?
-29089506
In base 9, what is 506074 + 78?
506163
In base 3, what is 11 + 112102100010?
112102100021
In base 13, what is -2302 - 386?
-2688
In base 14, what is 237c7bcc - 2?
237c7bca
In base 7, what is 56 - -10663406?
10663465
In base 8, what is -11062 + 110273?
77211
In base 13, what is -4b21b - -15?
-4b206
In base 11, what is -9244 - -139?
-9106
In base 2, what is -10010111011 - -10111101000101?
10101010001010
In base 11, what is 3 - -230036?
230039
In base 9, what is -75 + -3854618?
-3854704
In base 2, what is -11110110110010 + -111000001111?
-100101111000001
In base 5, what is 20 + 44124102131?
44124102201
In base 2, what is -1011011010001001 - 10111110010?
-1011110001111011
In base 5, what is -304 - -4130133312?
4130133003
In base 2, what is -110011111011010011 - -1000001111?
-110011110011000100
In base 8, what is 0 - -633312306?
633312306
In base 6, what is 34351 + 1002322?
1041113
In base 11, what is 6 + -7512a62?
-7512a57
In base 8, what is 131 + -3341232?
-3341101
In base 15, what is 2cab3 + 413?
2cec6
In base 13, what is 1 + 6a3b0c?
6a3b10
In base 10, what is -3 - -